1561
Let j(m) = 13*m**3 - 350*m**2 - 7*m - 312. What is j(27)?
228
Let v(f) = f**2 + 13963*f - 111764. Determine v(8).
4
Let z(s) = -2*s**3 - 705*s**2 + 394*s + 14462. Calculate z(-353).
-11
Let u(o) = 124*o**2 - 940*o - 940. Give u(-1).
124
Let f(u) = 7*u**2 + 675*u - 10102. What is f(15)?
1598
Let x(h) = -5*h**2 - 811*h + 1532. Determine x(-164).
56
Let x(k) = -62888*k - 18489074. What is x(-294)?
-2
Let t(x) = 2*x**2 + 107*x + 914. Determine t(-43).
11
Let f(d) = 1649929*d - 4949772. What is f(3)?
15
Let l(h) = 4*h**3 + 34*h**2 + 469*h + 2957. Determine l(-7).
-32
Let q(x) = -x**3 + 98*x**2 - 1965*x + 248. Give q(70).
-102
Let a(p) = 2*p**2 - 4605*p + 2644433. Determine a(1095).
8
Let n(b) = 566*b + 1809. Determine n(-3).
111
Let g(c) = -c**3 + 1228*c**2 + 24968*c + 38. What is g(-20)?
-122
Let t(y) = -2*y**2 + 1145*y + 25947. Give t(-22).
-211
Let b(w) = 4143*w - 51551. Give b(13).
2308
Let a(t) = -t**3 + 5*t**2 + 3983*t + 7952. Determine a(-2).
14
Let n(w) = -w**3 - 78*w**2 + 429*w + 1071. Determine n(-83).
-91
Let l(o) = 2619*o - 248809. Calculate l(95).
-4
Let d(q) = -3*q**3 - 17*q**2 - 725*q - 2823. Calculate d(-4).
-3
Let v(r) = 5*r**2 + 629*r - 3080. Determine v(5).
190
Let q(k) = -25*k**2 + 349*k - 70. What is q(14)?
-84
Let y(p) = p**2 + 3835*p + 488786. What is y(-132)?
-10
Let c(o) = 31*o - 7915. Calculate c(238).
-537
Let v(s) = s**3 + 5*s**2 + 220*s + 1096. Calculate v(-5).
-4
Let r(b) = 3*b**3 - 38*b**2 - 59*b + 53. Give r(14).
11
Let x(a) = a**2 - 7127*a - 178797. What is x(-25)?
3
Let p(r) = -322*r**3 - 159710*r**2 + 992*r - 72. Give p(-496).
-72
Let o(y) = 1441*y - 3346. Give o(3).
977
Let i(g) = -g**3 - 266*g**2 + 18*g + 4321. Determine i(-266).
-467
Let z(u) = 2505*u - 50084. Give z(20).
16
Let c(k) = -758656*k - 5310590. Calculate c(-7).
2
Let r(a) = -65028*a - 650227. Determine r(-10).
53
Let o(x) = -371*x + 4813. Calculate o(13).
-10
Let p(h) = 7*h**3 - 71*h**2 + 67*h - 760. What is p(10)?
-190
Let o(r) = -r**3 + 353*r**2 - 6034*r + 108197. Give o(336).
5
Let v(j) = 75606*j + 10358028. What is v(-137)?
6
Let y(i) = i**3 - 11*i**2 - 431*i + 5326. Determine y(13).
61
Let y(i) = -i**3 + 167*i**2 - 6505*i - 258. Give y(62).
52
Let f(m) = -9*m**2 - 4972*m + 69755. Give f(14).
-1617
Let m(t) = 748653*t - 5240630. What is m(7)?
-59
Let s(o) = -5*o**2 + 764*o - 4533. Give s(6).
-129
Let g(d) = -66681*d - 400090. What is g(-6)?
-4
Let j(u) = -2*u**3 + 129*u**2 - 1643*u + 156. Give j(48).
-2676
Let h(d) = 13640*d + 1282417. What is h(-94)?
257
Let s(o) = 658*o + 40909. What is s(-62)?
113
Let r(s) = -2*s**2 - 209*s - 1648. Determine r(-102).
-1138
Let f(i) = 33*i - 3439. What is f(95)?
-304
Let j(w) = 161*w**2 - 1177*w - 1175. Give j(-1).
163
Let w(d) = 7*d**2 + 4483*d - 64141. Calculate w(14).
-7
Let p(u) = 6266*u - 87707. Calculate p(14).
17
Let f(v) = v**3 + 76*v**2 + 1444*v + 115. Determine f(-36).
-29
Let m(k) = 9826*k + 344589. Give m(-35).
679
Let l(f) = 7*f**2 - 3435*f + 133992. Determine l(448).
40
Let c(z) = 45*z**2 + 3874*z + 7764. Calculate c(-2).
196
Let u(t) = -9*t**2 + 902*t - 901. Determine u(1).
-8
Let s(k) = 86*k**3 + 2583*k**2 + 79*k - 268. What is s(-30)?
62
Let h(k) = -5*k**2 + 400*k - 710. What is h(80)?
-710
Let z(u) = -11311*u**2 - 33919*u + 36. What is z(-3)?
-6
Let d(a) = -290*a + 46. What is d(2)?
-534
Let a(z) = 353*z**2 + 3084*z - 27. Determine a(-9).
810
Let q(g) = g**3 + 8*g**2 + 46*g + 491. Give q(-12).
-637
Let t(w) = 6*w**3 + 56*w**2 + w + 3. Give t(7).
4812
Let b(q) = -3689*q - 239788. What is b(-65)?
-3
Let t(h) = -11936*h - 35838. Give t(-3).
-30
Let j(a) = 10836*a + 6967568. What is j(-643)?
20
Let c(g) = -56*g**2 + 347*g + 686. Determine c(-2).
-232
Let k(m) = m**3 - 206*m**2 + 6134*m - 43. Give k(36).
461
Let w(b) = -12*b**3 + 105*b**2 + 577*b - 4996. Determine w(9).
-46
Let j(a) = -354275*a - 1062821. Calculate j(-3).
4
Let i(c) = c**3 + 41*c**2 + 205*c - 1914. Calculate i(-33).
33
Let d(l) = -2*l**3 + 4*l**2 + 245*l - 3331. Give d(11).
-2814
Let w(k) = k**3 + 511*k**2 - 13383*k - 410. What is w(25)?
15
Let x(m) = 5234*m + 88987. Calculate x(-17).
9
Let v(k) = -32833*k + 131533. What is v(4)?
201
Let u(j) = -j**3 - 48*j**2 + 468*j + 956. What is u(-56)?
-164
Let z(h) = -418213*h - 6273196. Give z(-15).
-1
Let v(m) = 2*m**2 - 682*m - 105. Calculate v(0).
-105
Let m(d) = 412*d + 22965. Give m(-55).
305
Let y(v) = 167984*v - 1. Give y(0).
-1
Let g(x) = -6463*x + 2171573. Calculate g(336).
5
Let g(c) = -18*c**3 + 13*c**2 + 315*c + 1935. Determine g(-6).
4401
Let f(v) = -7*v**2 + 714*v - 4084. Give f(96).
-52
Let k(x) = -209650*x + 1257898. Give k(6).
-2
Let n(c) = -2119*c - 11792. Give n(-6).
922
Let o(c) = -c**2 - 100*c - 1682. Give o(-85).
-407
Let g(k) = -29277*k + 1229637. Determine g(42).
3
Let g(b) = -b**2 + 1493*b - 66567. Determine g(46).
-5
Let v(j) = -j**2 - 6074*j - 247356. Give v(-41).
-3
Let p(k) = 17577*k - 3796622. Determine p(216).
10
Let n(i) = i**3 - 149*i**2 + 4759*i - 937. Determine n(46).
29
Let d(f) = -194*f - 13375. Calculate d(-69).
11
Let n(m) = 22612*m - 700981. Determine n(31).
-9
Let n(p) = -50*p**2 - 1142*p - 5538. What is n(-7)?
6
Let j(c) = c**3 - 180*c**2 + 2004*c + 138. Give j(12).
-6
Let v(c) = 77880*c + 545165. Give v(-7).
5
Let x(s) = -452843*s + 2717065. What is x(6)?
7
Let m(b) = 11*b**2 + 58*b + 101. Calculate m(-12).
989
Let k(i) = -1842*i**2 - 36*i - 26. Calculate k(-1).
-1832
Let q(r) = -779*r + 18448. Give q(24).
-248
Let l(a) = 6797*a - 305799. Calculate l(45).
66
Let v(z) = 1390*z - 572673. What is v(412)?
7
Let k(p) = -2*p**2 - 74781*p + 1346710. Give k(18).
4
Let q(n) = n**3 - 12*n**2 - 101*n - 116. What is q(0)?
-116
Let s(l) = 331*l**2 + 53286*l - 789. Give s(-161).
16
Let v(a) = -360*a**2 + 10802*a - 73. Determine v(30).
-13
Let i(v) = v**3 - 5*v**2 - 457*v. Give i(23).
-989
Let o(g) = -622*g - 4437. What is o(-7)?
-83
Let p(f) = 86*f**2 - 11103*f + 12156. Give p(128).
-4
Let a(i) = -3*i**2 - 1332*i + 6743. What is a(-449)?
8
Let g(u) = 104*u + 2242. Calculate g(-20).
162
Let s(d) = -6836*d - 129520. Calculate s(-19).
364
Let m(y) = -99181*y + 793402. What is m(8)?
-46
Let x(f) = -2*f**3 - 17*f**2 + 164*f + 2199. Calculate x(-11).
1000
Let k(l) = 39474*l + 2921071. What is k(-74)?
-5
Let s(k) = k**3 + 25*k**2 - 249*k - 863. Calculate s(-32).
-63
Let t(u) = 2*u**3 - 994*u**2 - 5014*u - 41. What is t(-5)?
-71
Let r(y) = -2896*y**2 - 20275*y + 9. What is r(-7)?
30
Let k(g) = 1200*g**2 - 9621*g + 8542. Determine k(7).
-5
Let m(i) = 3079*i + 1971. Determine m(-1).
-1108
Let c(d) = -d**3 - 198*d**2 + 1006*d - 1809. Determine c(-203).
18
Let c(d) = d**2 - 9799*d + 4930062. Determine c(532).
18
Let x(s) = -s**3 - 166*s**2 + 1761*s + 16. Give x(10).
26
Let n(q) = -q**3 - 36*q**2 - 321*q + 502. What is n(-22)?
788
Let l(v) = 863895*v - 21597386. Give l(25).
-11
Let p(u) = 2*u**2 + 4804*u - 765594. Give p(150).
6
Let w(d) = 13*d**2 + 3824*d - 2572. Determine w(-295).
673
Let d(y) = 29333*y - 704033. Determine d(24).
-41
Let q(j) = j**3 + 3*j**2 + 1058*j + 6187. Calculate q(-6).
-269
Let s(o) = -38*o**2 + 480*o - 27. Determine s(0).
-27
Let m(i) = -95943*i + 4989045. Give m(52).
9
Let y(f) = 3*f**2 - 2184*f + 66425. Determine y(31).
1604
Let p(j) = 53*j**2 - 15726*j + 11243. Determine p(296).
-5
Let w(m) = -96*m**2 + 50*m - 36. Determine w(5).
-2186
Let x(n) = n**3 + 289*n**2 + 940*n + 356713. Calculate x(-290).
13
Let l(g) = -3*g**2 + 564*g + 3497. Give l(-6).
5
Let w(z) = 455*z**2 + 36440*z - 48. What is w(-80)?
-3248
Let u(c) = c**2 - 320*c + 25168. What is u(181)?
9
Let r(p) = 18*p**2 + 88*p + 1006. Determine r(-12).
2542
Let w(t) = 4*t**3 - t**2 + 4087*t - 12228. Calculate w(3).
132
Let z(c) = -300*c - 33306. Determine z(-111).
-6
Let k(x) = -3*x**2 - 703*x + 15267. Calculate k(20).
7
Let q(r) = -42*r**2 - 1991*r - 1015. Determine q(-47).
-216
Let p(s) = -93*s**2 - 765*s - 774. Determine p(-1).
-102
Let o(k) = -12*k**3 + 13*k**2 - 374*k + 691. Calculate o(2).
-101
Let n(f) = -f**3 + 25*f**2 - 1187*f + 27913. What is n(24)?
1
Let o(k) = k**3 - 723*k**2 - 989*k + 191857. Calculate o(724).
-3
Let y(z) = 584*z - 13344. Give y(23).
88
Let j(l) = 28*l**2 - 404*l + 309. Give j(13).
-211
Let x(z) = -z**3 - 147*z**2 - 157*z - 892. Determine x(-146).
714
